{"id":462,"date":"2022-09-05T11:23:06","date_gmt":"2022-09-05T11:23:06","guid":{"rendered":"https:\/\/calendas.org\/?page_id=462"},"modified":"2022-09-15T14:30:13","modified_gmt":"2022-09-15T12:30:13","slug":"home","status":"publish","type":"page","link":"https:\/\/calendas.org\/","title":{"rendered":"Programaci\u00f3n"},"content":{"rendered":"\t\t<div data-elementor-type=\"wp-page\" data-elementor-id=\"462\" class=\"elementor elementor-462\">\n\t\t\t\t\t\t\t\t\t<section class=\"elementor-section elementor-top-section elementor-element elementor-element-13893a3 elementor-section-full_width elementor-section-height-full elementor-section-content-top elementor-section-height-default elementor-section-items-middle\" data-id=\"13893a3\" data-element_type=\"section\" data-settings=\"{&quot;background_background&quot;:&quot;slideshow&quot;,&quot;background_slideshow_gallery&quot;:[{&quot;id&quot;:642,&quot;url&quot;:&quot;https:\\\/\\\/calendas.org\\\/wp-content\\\/uploads\\\/2022\\\/09\\\/Calendas_Teatros_Sala_Roja_Teatros_Canal.jpg&quot;},{&quot;id&quot;:640,&quot;url&quot;:&quot;https:\\\/\\\/calendas.org\\\/wp-content\\\/uploads\\\/2022\\\/09\\\/Calendas_Teatros_Teatro_Valle-Inclan-Centro_Dramatico_Nacional_CDN.jpg&quot;},{&quot;id&quot;:919,&quot;url&quot;:&quot;https:\\\/\\\/calendas.org\\\/wp-content\\\/uploads\\\/2022\\\/09\\\/teatro_conde_duque2-1-scaled.jpg&quot;},{&quot;id&quot;:638,&quot;url&quot;:&quot;https:\\\/\\\/calendas.org\\\/wp-content\\\/uploads\\\/2022\\\/09\\\/Calendas_Teatros_-Teatro_Maria_Guerrero_Madrid_01.jpg&quot;},{&quot;id&quot;:635,&quot;url&quot;:&quot;https:\\\/\\\/calendas.org\\\/wp-content\\\/uploads\\\/2022\\\/09\\\/Calendas_Teatros_Matadero_Madrid.jpg&quot;},{&quot;id&quot;:641,&quot;url&quot;:&quot;https:\\\/\\\/calendas.org\\\/wp-content\\\/uploads\\\/2022\\\/09\\\/Calendas_Teatros_Sala_Verde_Teatros_Canal.jpg&quot;},{&quot;id&quot;:644,&quot;url&quot;:&quot;https:\\\/\\\/calendas.org\\\/wp-content\\\/uploads\\\/2022\\\/09\\\/Calendas_Teatros_-Teatro_de_la_Abadia.jpg&quot;},{&quot;id&quot;:634,&quot;url&quot;:&quot;https:\\\/\\\/calendas.org\\\/wp-content\\\/uploads\\\/2022\\\/09\\\/Calendas_Teatros_Teatro_Espanol.jpg&quot;},{&quot;id&quot;:637,&quot;url&quot;:&quot;https:\\\/\\\/calendas.org\\\/wp-content\\\/uploads\\\/2022\\\/09\\\/Calendas_Teatros_Teatro_Fernan_Gomez_Madrid_01.jpg&quot;},{&quot;id&quot;:633,&quot;url&quot;:&quot;https:\\\/\\\/calendas.org\\\/wp-content\\\/uploads\\\/2022\\\/09\\\/Calendas_Teatros_-Teatro_de_la_Comedia_Madrid_01.jpg&quot;}],&quot;background_slideshow_slide_duration&quot;:3000,&quot;background_slideshow_transition_duration&quot;:5000,&quot;background_slideshow_loop&quot;:&quot;yes&quot;,&quot;background_slideshow_slide_transition&quot;:&quot;fade&quot;}\">\n\t\t\t\t\t\t<div class=\"elementor-container elementor-column-gap-default\">\n\t\t\t\t\t<div class=\"elementor-column elementor-col-100 elementor-top-column elementor-element elementor-element-267f18c\" data-id=\"267f18c\" data-element_type=\"column\">\n\t\t\t<div class=\"elementor-widget-wrap elementor-element-populated\">\n\t\t\t\t\t\t\t\t<div class=\"elementor-element elementor-element-d5a9bc0 elementor-widget elementor-widget-text-editor\" data-id=\"d5a9bc0\" data-element_type=\"widget\" data-widget_type=\"text-editor.default\">\n\t\t\t\t<div class=\"elementor-widget-container\">\n\t\t\t<style>\/*! elementor - v3.15.0 - 20-08-2023 *\/\n.elementor-widget-text-editor.elementor-drop-cap-view-stacked .elementor-drop-cap{background-color:#69727d;color:#fff}.elementor-widget-text-editor.elementor-drop-cap-view-framed .elementor-drop-cap{color:#69727d;border:3px solid;background-color:transparent}.elementor-widget-text-editor:not(.elementor-drop-cap-view-default) .elementor-drop-cap{margin-top:8px}.elementor-widget-text-editor:not(.elementor-drop-cap-view-default) .elementor-drop-cap-letter{width:1em;height:1em}.elementor-widget-text-editor .elementor-drop-cap{float:left;text-align:center;line-height:1;font-size:50px}.elementor-widget-text-editor .elementor-drop-cap-letter{display:inline-block}<\/style>\t\t\t\t<div class=\"calmv textologo\">\n<h2 style=\"text-align: center;\"><a href=\"https:\/\/calendas.org\/index.php\/calendario\/\">\n<img loading=\"lazy\" decoding=\"async\" src=\"http:\/\/calendas.org\/wp-content\/uploads\/2022\/09\/calendas_logo_5-291x300.png\" alt=\"\" width=\"140\" height=\"150\" \/>\n<br\/>\n<span style=\"color: #666666;\">ca<\/span><span style=\"color: #bb0000;\">len<\/span><span style=\"color: #666666;\">das<\/span>\n<\/a><\/h2>\n<\/div>\n&nbsp;\n<div class=\"calcp textologo\">\n<h2 style=\"text-align: center;\"><a href=\"https:\/\/calendas.org\/index.php\/calendas\/\">\n<img loading=\"lazy\" decoding=\"async\" src=\"http:\/\/calendas.org\/wp-content\/uploads\/2022\/09\/calendas_logo_5-291x300.png\" alt=\"\" width=\"140\" height=\"150\" \/><br\/><span style=\"color: #666666;\">ca<\/span><span style=\"color: #bb0000;\">len<\/span><span style=\"color: #666666;\">das<\/span><\/a><\/h2>\n&nbsp;\n\n<\/div>\t\t\t\t\t\t<\/div>\n\t\t\t\t<\/div>\n\t\t\t\t<div class=\"elementor-element elementor-element-ef3679d elementor-widget elementor-widget-text-editor\" data-id=\"ef3679d\" data-element_type=\"widget\" data-widget_type=\"text-editor.default\">\n\t\t\t\t<div class=\"elementor-widget-container\">\n\t\t\t\t\t\t\t<h1 align=\"center\"><span style=\"color: #ffffff;\">Qu\u00e9 ver en <span style=\"color: #bb0000;\"><strong>Teatro<\/strong><\/span><\/span><\/h1>\n<div>\n<h3 align=\"center\"><span style=\"color: #ffffff;\"><b>Programaci\u00f3n de los teatros p\u00fablicos de Madrid.<\/b><\/span><\/h3>\n<\/div>\n<div><\/div>\t\t\t\t\t\t<\/div>\n\t\t\t\t<\/div>\n\t\t\t\t<div class=\"elementor-element elementor-element-7e87634 elementor-widget elementor-widget-text-editor\" data-id=\"7e87634\" data-element_type=\"widget\" data-widget_type=\"text-editor.default\">\n\t\t\t\t<div class=\"elementor-widget-container\">\n\t\t\t\t\t\t\t\t\t\t\t\t\t<\/div>\n\t\t\t\t<\/div>\n\t\t\t\t<div class=\"elementor-element elementor-element-b679215 elementor-widget elementor-widget-text-editor\" data-id=\"b679215\" data-element_type=\"widget\" data-widget_type=\"text-editor.default\">\n\t\t\t\t<div class=\"elementor-widget-container\">\n\t\t\t\t\t\t\t<div class=\"calmv\">\n<h3 style=\"text-align: center;\"><a href=\"https:\/\/calendas.org\/index.php\/calendario\/\"><span style=\"color: #bb0000;\"><strong>Ir a calendario \u2192<\/strong><\/span><\/a><\/h3>\n<\/div>\n<div class=\"calcp\">\n<h3 style=\"text-align: center;\"><a href=\"https:\/\/calendas.org\/index.php\/calendas\/\"><span style=\"color: #bb0000;\"><strong>Ir a calendario \u2192<\/strong><\/span><\/a><\/h3>\n<\/div>\t\t\t\t\t\t<\/div>\n\t\t\t\t<\/div>\n\t\t\t\t<div class=\"elementor-element elementor-element-43238fa elementor-align-center elementor-widget elementor-widget-button\" data-id=\"43238fa\" data-element_type=\"widget\" data-widget_type=\"button.default\">\n\t\t\t\t<div class=\"elementor-widget-container\">\n\t\t\t\t\t<div class=\"elementor-button-wrapper\">\n\t\t\t<a class=\"elementor-button wp-block-button__link elementor-button-link elementor-size-sm\" href=\"https:\/\/calendas.org\/index.php\/inicio\">\n\t\t\t\t\t\t<span class=\"elementor-button-content-wrapper\">\n\t\t\t\t\t\t<span class=\"elementor-button-text\">Inicio<\/span>\n\t\t<\/span>\n\t\t\t\t\t<\/a>\n\t\t<\/div>\n\t\t\t\t<\/div>\n\t\t\t\t<\/div>\n\t\t\t\t\t<\/div>\n\t\t<\/div>\n\t\t\t\t\t\t\t<\/div>\n\t\t<\/section>\n\t\t\t\t<section class=\"elementor-section elementor-top-section elementor-element elementor-element-f48a6f3 elementor-section-boxed elementor-section-height-default elementor-section-height-default\" data-id=\"f48a6f3\" data-element_type=\"section\">\n\t\t\t\t\t\t<div class=\"elementor-container elementor-column-gap-default\">\n\t\t\t\t\t<div class=\"elementor-column elementor-col-100 elementor-top-column elementor-element elementor-element-9d9f30b\" data-id=\"9d9f30b\" data-element_type=\"column\">\n\t\t\t<div class=\"elementor-widget-wrap\">\n\t\t\t\t\t\t\t\t\t<\/div>\n\t\t<\/div>\n\t\t\t\t\t\t\t<\/div>\n\t\t<\/section>\n\t\t\t\t<section class=\"elementor-section elementor-top-section elementor-element elementor-element-a3256eb elementor-section-boxed elementor-section-height-default elementor-section-height-default\" data-id=\"a3256eb\" data-element_type=\"section\">\n\t\t\t\t\t\t<div class=\"elementor-container elementor-column-gap-default\">\n\t\t\t\t\t<div class=\"elementor-column elementor-col-50 elementor-top-column elementor-element elementor-element-7ca4aa3\" data-id=\"7ca4aa3\" data-element_type=\"column\">\n\t\t\t<div class=\"elementor-widget-wrap\">\n\t\t\t\t\t\t\t\t\t<\/div>\n\t\t<\/div>\n\t\t\t\t<div class=\"elementor-column elementor-col-50 elementor-top-column elementor-element elementor-element-fafbc7c\" data-id=\"fafbc7c\" data-element_type=\"column\">\n\t\t\t<div class=\"elementor-widget-wrap\">\n\t\t\t\t\t\t\t\t\t<\/div>\n\t\t<\/div>\n\t\t\t\t\t\t\t<\/div>\n\t\t<\/section>\n\t\t\t\t<section class=\"elementor-section elementor-top-section elementor-element elementor-element-757228a elementor-section-boxed elementor-section-height-default elementor-section-height-default\" data-id=\"757228a\" data-element_type=\"section\">\n\t\t\t\t\t\t<div class=\"elementor-container elementor-column-gap-default\">\n\t\t\t\t\t<div class=\"elementor-column elementor-col-100 elementor-top-column elementor-element elementor-element-ddc5abd\" data-id=\"ddc5abd\" data-element_type=\"column\">\n\t\t\t<div class=\"elementor-widget-wrap\">\n\t\t\t\t\t\t\t\t\t<\/div>\n\t\t<\/div>\n\t\t\t\t\t\t\t<\/div>\n\t\t<\/section>\n\t\t\t\t\t\t\t<\/div>\n\t\t","protected":false},"excerpt":{"rendered":"<p>calendas &nbsp; calendas &nbsp; Qu\u00e9 ver en Teatro Programaci\u00f3n de los teatros p\u00fablicos de Madrid. Ir a calendario \u2192 Ir<span class=\"more-dots\">&#8230;<\/span><\/p>\n","protected":false},"author":1,"featured_media":0,"parent":0,"menu_order":0,"comment_status":"closed","ping_status":"closed","template":"elementor_canvas","meta":{"_mi_skip_tracking":false,"_monsterinsights_sitenote_active":false,"_monsterinsights_sitenote_note":"","_monsterinsights_sitenote_category":0,"footnotes":""},"class_list":["post-462","page","type-page","status-publish","hentry","no-post-thumbnail"],"aioseo_notices":[],"_links":{"self":[{"href":"https:\/\/calendas.org\/index.php\/wp-json\/wp\/v2\/pages\/462","targetHints":{"allow":["GET"]}}],"collection":[{"href":"https:\/\/calendas.org\/index.php\/wp-json\/wp\/v2\/pages"}],"about":[{"href":"https:\/\/calendas.org\/index.php\/wp-json\/wp\/v2\/types\/page"}],"author":[{"embeddable":true,"href":"https:\/\/calendas.org\/index.php\/wp-json\/wp\/v2\/users\/1"}],"replies":[{"embeddable":true,"href":"https:\/\/calendas.org\/index.php\/wp-json\/wp\/v2\/comments?post=462"}],"version-history":[{"count":137,"href":"https:\/\/calendas.org\/index.php\/wp-json\/wp\/v2\/pages\/462\/revisions"}],"predecessor-version":[{"id":926,"href":"https:\/\/calendas.org\/index.php\/wp-json\/wp\/v2\/pages\/462\/revisions\/926"}],"wp:attachment":[{"href":"https:\/\/calendas.org\/index.php\/wp-json\/wp\/v2\/media?parent=462"}],"curies":[{"name":"wp","href":"https:\/\/api.w.org\/{rel}","templated":true}]}}

Programación

<div data-elementor-type="wp-page" data-elementor-id="462" class="elementor elementor-462">
									<section class="elementor-section elementor-top-section elementor-element elementor-element-13893a3 elementor-section-full_width elementor-section-height-full elementor-section-content-top elementor-section-height-default elementor-section-items-middle" data-id="13893a3" data-element_type="section" data-settings="{&quot;background_background&quot;:&quot;slideshow&quot;,&quot;background_slideshow_gallery&quot;:[{&quot;id&quot;:642,&quot;url&quot;:&quot;https:\/\/calendas.org\/wp-content\/uploads\/2022\/09\/Calendas_Teatros_Sala_Roja_Teatros_Canal.jpg&quot;},{&quot;id&quot;:640,&quot;url&quot;:&quot;https:\/\/calendas.org\/wp-content\/uploads\/2022\/09\/Calendas_Teatros_Teatro_Valle-Inclan-Centro_Dramatico_Nacional_CDN.jpg&quot;},{&quot;id&quot;:919,&quot;url&quot;:&quot;https:\/\/calendas.org\/wp-content\/uploads\/2022\/09\/teatro_conde_duque2-1-scaled.jpg&quot;},{&quot;id&quot;:638,&quot;url&quot;:&quot;https:\/\/calendas.org\/wp-content\/uploads\/2022\/09\/Calendas_Teatros_-Teatro_Maria_Guerrero_Madrid_01.jpg&quot;},{&quot;id&quot;:635,&quot;url&quot;:&quot;https:\/\/calendas.org\/wp-content\/uploads\/2022\/09\/Calendas_Teatros_Matadero_Madrid.jpg&quot;},{&quot;id&quot;:641,&quot;url&quot;:&quot;https:\/\/calendas.org\/wp-content\/uploads\/2022\/09\/Calendas_Teatros_Sala_Verde_Teatros_Canal.jpg&quot;},{&quot;id&quot;:644,&quot;url&quot;:&quot;https:\/\/calendas.org\/wp-content\/uploads\/2022\/09\/Calendas_Teatros_-Teatro_de_la_Abadia.jpg&quot;},{&quot;id&quot;:634,&quot;url&quot;:&quot;https:\/\/calendas.org\/wp-content\/uploads\/2022\/09\/Calendas_Teatros_Teatro_Espanol.jpg&quot;},{&quot;id&quot;:637,&quot;url&quot;:&quot;https:\/\/calendas.org\/wp-content\/uploads\/2022\/09\/Calendas_Teatros_Teatro_Fernan_Gomez_Madrid_01.jpg&quot;},{&quot;id&quot;:633,&quot;url&quot;:&quot;https:\/\/calendas.org\/wp-content\/uploads\/2022\/09\/Calendas_Teatros_-Teatro_de_la_Comedia_Madrid_01.jpg&quot;}],&quot;background_slideshow_slide_duration&quot;:3000,&quot;background_slideshow_transition_duration&quot;:5000,&quot;background_slideshow_loop&quot;:&quot;yes&quot;,&quot;background_slideshow_slide_transition&quot;:&quot;fade&quot;}">
						<div class="elementor-container elementor-column-gap-default">
					<div class="elementor-column elementor-col-100 elementor-top-column elementor-element elementor-element-267f18c" data-id="267f18c" data-element_type="column">
			<div class="elementor-widget-wrap elementor-element-populated">
								<div class="elementor-element elementor-element-d5a9bc0 elementor-widget elementor-widget-text-editor" data-id="d5a9bc0" data-element_type="widget" data-widget_type="text-editor.default">
				<div class="elementor-widget-container">
			<style>/*! elementor - v3.15.0 - 20-08-2023 */
.elementor-widget-text-editor.elementor-drop-cap-view-stacked .elementor-drop-cap{background-color:#69727d;color:#fff}.elementor-widget-text-editor.elementor-drop-cap-view-framed .elementor-drop-cap{color:#69727d;border:3px solid;background-color:transparent}.elementor-widget-text-editor:not(.elementor-drop-cap-view-default) .elementor-drop-cap{margin-top:8px}.elementor-widget-text-editor:not(.elementor-drop-cap-view-default) .elementor-drop-cap-letter{width:1em;height:1em}.elementor-widget-text-editor .elementor-drop-cap{float:left;text-align:center;line-height:1;font-size:50px}.elementor-widget-text-editor .elementor-drop-cap-letter{display:inline-block}</style>				<div class="calmv textologo">
<h2 style="text-align: center;"><a href="https://calendas.org/index.php/calendario/">
<img loading="lazy" decoding="async" src="http://calendas.org/wp-content/uploads/2022/09/calendas_logo_5-291x300.png" alt="" width="140" height="150" />
<br/>
<span style="color: #666666;">ca</span><span style="color: #bb0000;">len</span><span style="color: #666666;">das</span>
</a></h2>
</div>
&nbsp;
<div class="calcp textologo">
<h2 style="text-align: center;"><a href="https://calendas.org/index.php/calendas/">
<img loading="lazy" decoding="async" src="http://calendas.org/wp-content/uploads/2022/09/calendas_logo_5-291x300.png" alt="" width="140" height="150" /><br/><span style="color: #666666;">ca</span><span style="color: #bb0000;">len</span><span style="color: #666666;">das</span></a></h2>
&nbsp;

</div>						</div>
				</div>
				<div class="elementor-element elementor-element-ef3679d elementor-widget elementor-widget-text-editor" data-id="ef3679d" data-element_type="widget" data-widget_type="text-editor.default">
				<div class="elementor-widget-container">
							<h1 align="center"><span style="color: #ffffff;">Qué ver en <span style="color: #bb0000;"><strong>Teatro</strong></span></span></h1>
<div>
<h3 align="center"><span style="color: #ffffff;"><b>Programación de los teatros públicos de Madrid.</b></span></h3>
</div>
<div></div>						</div>
				</div>
				<div class="elementor-element elementor-element-7e87634 elementor-widget elementor-widget-text-editor" data-id="7e87634" data-element_type="widget" data-widget_type="text-editor.default">
				<div class="elementor-widget-container">
													</div>
				</div>
				<div class="elementor-element elementor-element-b679215 elementor-widget elementor-widget-text-editor" data-id="b679215" data-element_type="widget" data-widget_type="text-editor.default">
				<div class="elementor-widget-container">
							<div class="calmv">
<h3 style="text-align: center;"><a href="https://calendas.org/index.php/calendario/"><span style="color: #bb0000;"><strong>Ir a calendario →</strong></span></a></h3>
</div>
<div class="calcp">
<h3 style="text-align: center;"><a href="https://calendas.org/index.php/calendas/"><span style="color: #bb0000;"><strong>Ir a calendario →</strong></span></a></h3>
</div>						</div>
				</div>
				<div class="elementor-element elementor-element-43238fa elementor-align-center elementor-widget elementor-widget-button" data-id="43238fa" data-element_type="widget" data-widget_type="button.default">
				<div class="elementor-widget-container">
					<div class="elementor-button-wrapper">
			<a class="elementor-button wp-block-button__link elementor-button-link elementor-size-sm" href="https://calendas.org/index.php/inicio">
						<span class="elementor-button-content-wrapper">
						<span class="elementor-button-text">Inicio</span>
		</span>
					</a>
		</div>
				</div>
				</div>
					</div>
		</div>
							</div>
		</section>
				<section class="elementor-section elementor-top-section elementor-element elementor-element-f48a6f3 elementor-section-boxed elementor-section-height-default elementor-section-height-default" data-id="f48a6f3" data-element_type="section">
						<div class="elementor-container elementor-column-gap-default">
					<div class="elementor-column elementor-col-100 elementor-top-column elementor-element elementor-element-9d9f30b" data-id="9d9f30b" data-element_type="column">
			<div class="elementor-widget-wrap">
									</div>
		</div>
							</div>
		</section>
				<section class="elementor-section elementor-top-section elementor-element elementor-element-a3256eb elementor-section-boxed elementor-section-height-default elementor-section-height-default" data-id="a3256eb" data-element_type="section">
						<div class="elementor-container elementor-column-gap-default">
					<div class="elementor-column elementor-col-50 elementor-top-column elementor-element elementor-element-7ca4aa3" data-id="7ca4aa3" data-element_type="column">
			<div class="elementor-widget-wrap">
									</div>
		</div>
				<div class="elementor-column elementor-col-50 elementor-top-column elementor-element elementor-element-fafbc7c" data-id="fafbc7c" data-element_type="column">
			<div class="elementor-widget-wrap">
									</div>
		</div>
							</div>
		</section>
				<section class="elementor-section elementor-top-section elementor-element elementor-element-757228a elementor-section-boxed elementor-section-height-default elementor-section-height-default" data-id="757228a" data-element_type="section">
						<div class="elementor-container elementor-column-gap-default">
					<div class="elementor-column elementor-col-100 elementor-top-column elementor-element elementor-element-ddc5abd" data-id="ddc5abd" data-element_type="column">
			<div class="elementor-widget-wrap">
									</div>
		</div>
							</div>
		</section>
							</div>

<p>calendas &nbsp; calendas &nbsp; Qué ver en Teatro Programación de los teatros públicos de Madrid. Ir a calendario → Ir<span class="more-dots">&#8230;</span></p>
